5*t, -19 + 2 = 5*d - 4*t. Is n(d) a prime number?
False
Suppose 10*t = 14*t - 5896. Suppose 5*g - t = 1591. Is g composite?
False
Suppose 5*p - 2*l + 1 - 13 = 0, 5*p + l - 24 = 0. Is p/(-5) + (-1059)/(-5) prime?
True
Let b(u) = u**2 - 8*u + 15. Let i be b(6). Suppose -76 = -r - 5*y, -i*y + 15 = r - 51. Is r a composite number?
True
Suppose -16*s = -16526 - 83298. Is s composite?
True
Let h = -6863 - -16692. Suppose -3*l = -2*a + 9847, -h = -2*a - 2*l - l. Is a composite?
False
Suppose 3*g + 2*q - 12 = 3*q, 18 = g - 5*q. Suppose g*k - 2*r - 19 = 0, 5*r = -4*k + 5 + 5. Suppose -k*h = 2*j - 144, j - 191 = -2*j + 5*h. Is j composite?
False
Let s = 23 + -17. Is (-1268)/(-10) + s/30 composite?
False
Suppose -59317 + 0 = -23*g. Is g a prime number?
True
Let x = 18 + -6. Is (-4761)/(-15) - (x/5 - 2) composite?
False
Let c be (33/(-5) - -1)*(-11800)/1. Is c/12 - ((-15)/(-9))/(-5) prime?
True
Let x = 325 - 105. Let q = 686 - x. Is q a prime number?
False
Let u(v) = 4*v**2 - 2*v. Let x be u(2). Suppose 3*a + x = -4*f, a + 0*f + 4 = 4*f. Is (a/(-8))/((-1)/(-242)) composite?
True
Suppose 4*t = 16, 2*b = -t - t + 14. Let h(o) = 3 + 53*o + 2 - 4 + 1. Is h(b) a prime number?
False
Let u(i) = -12*i**3 + 4*i**2 + 5*i + 3. Let n be u(-4). Suppose -5*w = -h + n, -h + 666 + 149 = 2*w. Is h a composite number?
True
Let i(s) = 7*s**2 - 15 + 9*s**2 + 9*s + 27. Is i(-7) composite?
False
Suppose 63622 + 3073 = 5*w - 4*q, -q = 5*w - 66720. Is w composite?
True
Suppose 7*f + 180 = 12*f. Suppose -2*o + 3*c + 42 = 0, -2*o - c - c = -32. Is (o/f)/((-2)/(-356)) composite?
False
Let r = 23 + 119. Let k = r - -165. Is k prime?
True
Let c = 6 - 1. Suppose u - p - 294 = -3*u, -c*u + 362 = -4*p. Is u a prime number?
False
Let l(r) be the third derivative of -49*r**5/120 - r**4/24 + r**3/3 - 6*r**2. Let y(w) be the first derivative of l(w). Is y(-2) composite?
False
Let c = -26 + 29. Suppose -2*k - 497 = -3*t - 1762, t + 1894 = c*k. Is k prime?
True
Let s be (12/3 - 5)*-1. Let g(b) = 1696*b**3 + b - 1. Let m be g(s). Let i = m + -1179. Is i a composite number?
True
Suppose 3*w = 7314 + 1440. Is w a composite number?
True
Suppose -5*s - 4*w + w + 43996 = 0, -3*w - 35213 = -4*s. Is s prime?
False
Let n = 737 + -249. Let p = -104 + n. Suppose -i - p = -4*z, -386 + 121 = -3*z - 5*i. Is z prime?
False
Let m(z) = -239*z + 263. Is m(-10) composite?
True
Let l(j) = 74*j + 74*j + 46*j - 51*j. Is l(1) composite?
True
Suppose -6 = -27*a + 25*a. Suppose 3*j + 2099 = 5*q + 4*j, a*j + 2083 = 5*q. Is q prime?
True
Let n(t) = 516*t**2. Let h be n(1). Suppose 17*g = 11*g - 1698. Let y = h + g. Is y a prime number?
True
Let g(t) = 7*t**2 + 7*t + 43. Is g(13) composite?
True
Suppose -2*c = 6*c. Suppose 4*v + 5*z = 506 + 550, 5*v - 4*z - 1361 = c. Is v a prime number?
True
Let f(w) = w**2 + 6*w + 10. Let s be f(-4). Let j be (-19 + 10)*s/(-6). Suppose -4*p = -5*v + 1485, 4*v - j*p = -v + 1480. Is v a composite number?
False
Let p(i) = -222*i - 1. Let q be p(-1). Suppose -2*c - 512 = -324. Let t = c + q. Is t prime?
True
Let s(d) = d**3 + 14*d**2 + 7*d + 13. Is s(-11) a prime number?
False
Let c = 566 - 487. Is c a composite number?
False
Let f be (1 + 51/9)*3. Let x be (f/(-3))/((-2)/60). Is x + -2 + -1 + 4 prime?
False
Let q(g) = -3*g**3 + 17*g**2 - 16*g**2 - 5*g + 3*g + 5 + g**3. Is q(-4) a prime number?
True
Is 1*((8 - (1 + -1)) + 21473) prime?
True
Let q be 18/10 - (-7)/35. Suppose 9 = 3*m + 3*x, -16 = -0*m - q*m + 3*x. Suppose -m*y + 412 = -243. Is y a prime number?
True
Let m = 478 - 312. Suppose 3*t - 5*d = 58 + 178, m = 2*t + d. Let f = t - -1. Is f a prime number?
True
Let r(y) = 283*y**3 + y**2 + 24*y + 8. Let n(v) = -71*v**3 - 6*v - 2. Let o(z) = -9*n(z) - 2*r(z). Is o(3) a composite number?
False
Let m be (-36)/(-27)*(-186)/(-4). Let n = 1 + m. Is 3407/7 + 18/n prime?
True
Let k be (-2)/7 - (-44037)/(-49). Let o = k + 605. Let t = -81 - o. Is t a prime number?
False
Suppose -186 = -j + f, -4*j + 2*f + 653 + 85 = 0. Is j a composite number?
True
Suppose -3*m + 7 - 1 = 0. Suppose -m*p = 5*v - 73 - 92, -82 = -2*v - 4*p. Suppose 4*q = -x + 226 + v, 4*x = 3*q - 207. Is q prime?
False
Suppose 3*s - 4*c = 9689, 4*s + 5*c = 3*c + 12904. Is s prime?
False
Let y(b) = -400*b + 203. Is y(-9) a composite number?
False
Suppose 3*j - y - 4 = 4*y, 3*j - 2*y = 7. Let k = -1807 - -2374. Suppose j*x - k = 426. Is x prime?
True
Let j be 1446/(-5)*(-25)/5. Let s = j + -833. Is s a prime number?
True
Suppose -80*y - 1373857 = -127*y. Is y a prime number?
True
Suppose -28*r + 13*r = -128295. Is r a prime number?
False
Let o = -1702 - -2976. Is o/6 + (-8)/6 a prime number?
True
Let v = 9 + -9. Let b(u) = u**2 - u - 3. Let y be b(v). Is -1 + (49 - (y + 2)) composite?
True
Let y(u) = -190*u - 4. Is y(-9) a composite number?
True
Let t be 1 + 2 + -3 + (5 - 3). Let d(i) = 83*i - 9. Is d(t) a prime number?
True
Let i(y) = 14*y**3 - 3*y**2 + 3*y - 5. Let g(b) = b. Let k be g(5). Is i(k) a composite number?
True
Suppose n = -21*n + 709698. Is n composite?
True
Let x(b) be the first derivative of 4*b**2 + 15*b - 9. Is x(5) a composite number?
True
Let f be 0 + 2 - 12/(-3). Suppose -11*d + 25 = -f*d. Is (d - 3)/(2/901) a composite number?
True
Let z(a) = 20*a**2 - 10*a - 19. Is z(12) prime?
True
Suppose m + 152 = 26. Is 14/m - 6004/(-9) prime?
False
Is (-1050)/63 + 15 - 14231/(-3) prime?
False
Let o(s) = 1586*s + 77. Is o(10) prime?
True
Let p(t) = -t + 150. Let z be p(0). Let q be 28 + (-4 - 28/(-12)*3). Let n = z - q. Is n composite?
True
Suppose 3*i + 403 = -3*g + 1834, -2401 = -5*g + 3*i. Is g a composite number?
False
Let s = 11584 + -6542. Is s composite?
True
Suppose 4*f = t - 2434, 5*t = -0*t + 3*f + 12136. Is t prime?
False
Suppose -92136 = 75*r - 4552161. Is r a composite number?
False
Suppose -61477 = 15*o - 194692. Is o a composite number?
True
Let q(n) = -n**2 + 13*n + 6. Let s be q(13). Let z be (-45)/s*62/(-3). Suppose t + 2*y - z = 0, -2*t + 4*y = -0*t - 310. Is t a prime number?
False
Let x(c) = 2*c**2 + 49*c - 24. Is x(-31) composite?
False
Suppose 16*m - 64 = 12*m. Is (m/(-24))/(2/(-93)) a prime number?
True
Let p(n) = 232*n**2 - n. Suppose -4*f + 2*j + 2*j + 12 = 0, j + 5 = -f. Is p(f) prime?
True
Let f = -24248 - -16055. Let k = -4534 - f. Is k a prime number?
True
Suppose s - 2*x = -2, -2*s + 2*x + 3 + 3 = 0. Let p be (-2)/s + 81/(-12). Let v(k) = -4*k + 9. Is v(p) a prime number?
True
Let q = -1897 - -5196. Is q prime?
True
Let a be (-3438)/12*2/(-3). Suppose -2*f + a = -63. Is f prime?
True
Suppose -4*q + 5*f = -19, -q + f = -3 - 2. Let n(g) = 7*g**2 - g - 7. Is n(q) prime?
True
Suppose 20 = -4*g + 3*y - 125, -3*g = -2*y + 108. Is 24/(-204) + (-32406)/g prime?
True
Suppose -7*a = 3749 + 4427. Let j = 1667 + a. Is j prime?
True
Suppose 9*b + 3215 = 4*b. Let o = -304 - b. Is o composite?
True
Suppose 41 = 6*d + 335. Is (d/14)/(2/(-292)) prime?
False
Let v be -1217*1 - (-4 - (-5)/5). Let y = v - -1797. Is y a prime number?
False
Suppose -9*n + 4897 = -2996. Is n prime?
True
Suppose 19 = -4*y + 39. Let u be 34/6*4*9. Suppose 0 = -y*d - u + 1909. Is d a prime number?
False
Suppose 4*c + 2*w - 4926 = 0, 5*c - 2*w = 1668 + 4467. Is c composite?
False
Let j(y) be the first derivative of 7*y**5/120 - y**4/8 + y**3/3 - 4. Let p(f) be the third derivative of j(f). Is p(10) composite?
False
Let b(c) = 213*c**2 - 122*c + 10. Is b(31) prime?
False
Suppose -5*w - 2*t + 1544 = -2811, -5*t + 4370 = 5*w. Is w prime?
False
Let i(h) = h**3 + 3*h**2 + 2*h - 151. Is i(25) a composite number?
True
Let j = 4262 - 1263. Is j composite?
False
Suppose -5*j = 2 - 12. Suppose 4*m - 23 = -7. Is (-74)/(-4) + j/m prime?
True
Is -5 + (0 - -126)*6/7 a composite number?
False
Let f(i) = -3 + 14*i + 17 + 2 + 9*i. Let z be f(8). Suppose 2*v + 2*j + 2*j = z, -j - 215 = -2*v. Is v composite?
True
Let r be (-2)/4 - (-7)/2. Suppose -r*f = 4*a - 2179 + 274, 0 = f + 5*a - 646. Suppose -5*u + 1295 = -5*x + 245, -3*u + f = -4*x. Is u prime?
False
Let y = -42816 - -70489. Is y a composite number?
False
Suppose 0*p - 5*g + 112415 = 4*p, 2*g - 56210 = -2*p. Is (1/(-3))/((-10)/p) prime?
True
Suppose -q + 4*y = 7, 3*y = -4*q - 2*y + 35. Suppose 0*f = -q*f + l + 2634, 4*l + 2631 = 5*f. Is f composite?
True
Suppose 84*k = 89*k. Suppose -2*o - 